mmon factor of z and 47.
47
Let u(c) = -c**2 - 12*c + 4. Let z(o) = -6*o - 7. Let j be z(7). Let x = j - -40. Let m be u(x). What is the greatest common factor of 310 and m?
31
Let v be 10/(-9) + 17768/18. Calculate the highest common factor of 68 and v.
34
Suppose -3*r + 350 = 2*h, 3*r + 5*h = -85 + 411. What is the highest common divisor of r and 11773?
61
Let o be (-498*1)/((-9)/((-81)/(-6))). Let q = 762 - o. Let n = 1 + 2. What is the greatest common divisor of n and q?
3
Let c = -28224 - -28234. What is the highest common divisor of c and 6135?
5
Suppose 36 = 4*f + 4*b, 0 = -60*f + 55*f - 2*b + 66. Calculate the highest common factor of f and 4224.
16
Let m = -28 - -44. Suppose -5*y + m = -39. Suppose 16 = 9*v - y. What is the greatest common factor of 18 and v?
3
Let o = 12851 + -12627. What is the highest common factor of o and 2072?
56
Suppose -h + 17 = -29. Suppose 8*m = 176 - 680. Let l be (-42)/m + 1/((-3)/(-67)). Calculate the highest common divisor of l and h.
23
Let q be (-6)/3 - 416/(-4). Suppose 2*n + 3*k = 5*n - q, 22 = n - 4*k. What is the greatest common factor of 95 and n?
19
Suppose 114*b = 121*b - 112. Let n(i) = -11*i + 76. Let k be n(4). Calculate the greatest common factor of k and b.
16
Let f(q) = 2*q**2 - 8*q + 7. Suppose 75 = -5*y - 5. Let c = y - -21. Let o be f(c). What is the highest common divisor of o and 136?
17
Let y = 331 - 35. Suppose -3*r = -y - 280. Calculate the greatest common factor of r and 6.
6
Suppose 0 = 16*w - 1148 - 6772. Let y = 735 - w. Calculate the greatest common factor of y and 15.
15
Suppose 4247*t + 15190 = 4557*t. Suppose 5*a - 105 = 2*y - 35, -4*a = -y - 56. Calculate the greatest common factor of t and a.
7
Let c be 24/64 + (-981)/(-8). Suppose -18*h - 15 = -c. What is the greatest common factor of h and 14?
2
Suppose 2*a + 22 = 2*w + 90, 2*a - 5*w - 83 = 0. Calculate the greatest common factor of a and 1769.
29
Let u(z) = 5*z**2 - z - 2. Let b be u(-1). Let x(y) = 4*y + 0*y + 92 + b*y - 16*y. Let f be x(0). Calculate the greatest common divisor of 23 and f.
23
Let a(x) = -x**3 - x**2 + 2*x - 7. Let l = 20 + -24. Let m be a(l). Let s = 8 + -5. Calculate the greatest common factor of m and s.
3
Suppose -16 - 216 = -36*k + 200. Calculate the greatest common factor of k and 6684.
12
Suppose -f - 1800 = 2907 - 22582. Calculate the highest common factor of f and 143.
143
Let o(a) be the third derivative of -17*a**4/8 - 20*a**3 + 177*a**2. Let d be o(-4). Calculate the greatest common divisor of d and 49.
7
Suppose 3*n - 3*d - 1223 = 928, 2*n - 1455 = -5*d. Calculate the highest common divisor of n and 990.
90
Let y(m) = -m**2 + 6*m - 7. Let b be y(-5). Suppose 0 = -51*l + 3205 + 3527. Let f = b + l. Calculate the greatest common divisor of f and 14.
14
Let c = 26 + -38. Let h = 15 + c. Suppose -3*w + h*o + 54 = 2*w, w + 5*o - 22 = 0. Calculate the greatest common factor of 60 and w.
12
Let i(m) = 2*m**2 + 4*m - 65. Let l be i(-11). Suppose -4*d - l = -3*n, -7*n + 2*d = -8*n + 31. What is the highest common factor of n and 13?
13
Let y be 676/10 - (1 - 21/15). Let q = 70 - y. Suppose -5*o + p + 46 = 0, -q*o + 6 = -o - p. Calculate the greatest common factor of o and 40.
10
Let b = 294 + 321. Let o = b + -190. What is the highest common factor of 255 and o?
85
Suppose -5*j - 2634 = -v, 3*j - 9127 = -5*v + 4015. What is the highest common divisor of 44 and v?
11
Let l = -1 + 4. Let s be l*7/((-21)/788). Let m be 0 + 1 + s/(-4). What is the highest common factor of 22 and m?
22
Let z(i) = 25*i**2 + 73*i + 638. Let g be z(-11). Calculate the greatest common factor of 44 and g.
44
Suppose -5*d = 5*n + 65, n - 4*n - 53 = 4*d. Let p be (-78 - -3) + (-4 - -9). Let m = d - p. What is the greatest common divisor of 7 and m?
7
Let l be 0/1 + (-32)/(-2). Let o be (13/(-2))/(7/(-182)) + 5. Suppose 3*a + 30 = o. What is the greatest common divisor of a and l?
16
Suppose 22*f - 362 = 232. Calculate the highest common divisor of 261 and f.
9
Let q = 1618 - 1471. Calculate the greatest common divisor of 315 and q.
21
Suppose j - 2*u - 334 = 0, 7*j = 12*j - 3*u - 1621. Calculate the greatest common factor of j and 32.
32
Let l = -106 + 110. Suppose 3*u - 4*u - 52 = -4*c, l*u = 5*c - 76. Calculate the highest common divisor of 300 and c.
12
Let r = -1779 - -16971. What is the highest common factor of r and 72?
72
Let x(p) = -291*p**3 - 2*p**2 - 6*p - 3. Let c be x(-1). Let o = c + -175. What is the greatest common factor of 27 and o?
9
Suppose -44*j + 42*j - 2*s + 22 = 0, -2*j + 3*s + 22 = 0. Suppose -5*l = -l - 8, 682 = 3*w - l. Let a = -151 + w. What is the greatest common factor of a and j?
11
Let x = 15003 - 13040. Calculate the highest common divisor of x and 1359.
151
Suppose 5*y + 84 = 19*y. Suppose 0 = -y*k + 24 + 6. What is the greatest common divisor of 1 and k?
1
Let s be 273/(-182) + (-198)/(-4). What is the greatest common factor of s and 10064?
16
Let n = -599 + 601. Suppose -3*c + 12 = -2*c - 2*y, c + n*y = 12. What is the greatest common divisor of c and 28?
4
Let p = -1918 + 3918. What is the highest common factor of p and 8?
8
Let p be (-121408)/(-4065) + (-2)/((-2 + 3)*-15). What is the highest common factor of 2370 and p?
30
Let i(a) be the first derivative of -a**3/3 + 23*a**2/2 + 21*a - 13. Let k be i(20). What is the highest common factor of k and 9?
9
Let j be 24/(-5)*(250/(-20))/5. Suppose -20*s = -j*s - 168. What is the highest common divisor of 28 and s?
7
Suppose 106*v - 2090 = 7458 + 10486. Let r = 179 + 73. Calculate the highest common divisor of v and r.
63
Suppose -770 = -3*o - 107. Let f = 40587 + -40548. Calculate the highest common factor of f and o.
13
Suppose -14589 = 18*b - 44307. Calculate the greatest common factor of b and 381.
127
Let p = -10606 - -31591. What is the highest common factor of p and 15?
15
Suppose 57*f = -3*r + 53*f + 1030, -4*f - 1420 = -4*r. Suppose -4*q + 425 = -5*a, -2*a + 290 = -0*q + 3*q. Calculate the highest common divisor of r and q.
50
Let s be (0/(1 + 3))/1. Suppose -x + 4*h + 2 = -s, 3*h = -3*x - 9. Let k be x/5 + (-304)/(-10). Calculate the greatest common divisor of 15 and k.
15
Suppose 0 = -6*d + 27 + 51. Let n = 50 - -137. Suppose b + 0 = 4, -2*b - n = -5*u. What is the greatest common factor of d and u?
13
Let x = 17397 + -17374. Calculate the highest common factor of x and 4968.
23
Suppose 9*c = -17460 - 14067. Let g be 1/(-6)*-1 - c/186. Calculate the highest common factor of 133 and g.
19
Let a = -14718 - -14847. Calculate the highest common factor of a and 4945.
43
Let w be (2 - -4)/((-18)/(-12)). Let t(y) = 3*y - 278 + 91 + 106 + 95. Let u be t(w). Calculate the greatest common divisor of 26 and u.
26
Let n be ((-6)/(-15))/((-4)/(-10)). Let s = 11 - n. Calculate the greatest common divisor of s and 65.
5
Suppose 54*q - 22541 - 23648 + 16759 = 0. Calculate the greatest common factor of q and 5.
5
Let w = 455525 + -455516. Let k be (18/(-1))/((-4)/58). What is the highest common factor of w and k?
9
Let z be -1*(-1)/(-3)*0 + 255. Suppose 3*h - z = 3345. Calculate the greatest common factor of 48 and h.
48
Let v be (-252)/(-180) - (1479/(-15) + -1). Calculate the highest common divisor of 6464 and v.
101
Let f(i) = -2*i**3 - 27*i**2 - 23*i - 217. Let v be f(-14). Calculate the highest common factor of 172 and v.
43
Suppose -4*v + 1323 + 4917 = c, 4*v = 4*c + 6200. What is the greatest common factor of v and 190?
38
Let q be (-2 - 2)/(414/(-4968)). What is the greatest common divisor of q and 5004?
12
Let h = 3312 - -5718. Calculate the greatest common factor of 60 and h.
30
Let z be (-245)/(-14) + (-60)/24. Suppose z*r + 3*r = 486. Suppose n - 45 = -0*n. Calculate the greatest common factor of n and r.
9
Suppose -z - 11 = -4*w + 297, 2*w - 140 = -3*z. Let s = w + -4. Calculate the greatest common divisor of 27 and s.
9
Let j = 50 + 10. Let w = -565 + 650. Suppose 3*o - 5*b - w = 0, -3*b + 122 - 157 = -o. Calculate the highest common factor of j and o.
20
Suppose 16 - 25 - 288 = -33*n. Calculate the highest common divisor of 1773 and n.
9
Suppose 3*c - 52 = 53. Let q = 4924 - 3524. What is the greatest common factor of q and c?
35
Let d(t) = 2*t**3 - 19*t**2 - 8*t + 9. Let h be d(10). Suppose 0 = -7*v + 20 + h. Calculate the highe